 -20000*n + 49476 + 160542 = -19971*n. What is the highest common factor of 408 and n?
102
Let k = 20 + -43. Let n be (-1)/(-4) - k/4. Suppose -200 = n*m - 8*m. What is the highest common factor of 25 and m?
25
Suppose 0 = 62*j - 1517 - 1645. What is the greatest common factor of j and 18258?
51
Let y = -5032 - -5056. Let h(w) = 6*w**3 + 4*w**2 - 4*w. Let c be h(2). Calculate the highest common divisor of y and c.
8
Let f(x) be the first derivative of -x**4/4 - x**3/3 + 2. Suppose -23 = 5*a - 2*k, -4*k = k - 20. Let b be f(a). What is the greatest common divisor of 2 and b?
2
Let g(y) = 2*y**2 + y. Let m be g(-5). Let h = 237 - 174. What is the greatest common divisor of h and m?
9
Suppose 11*q = 2*q - 13*q + 321090. What is the highest common factor of q and 21?
21
Let p(z) = -11*z + 26. Let g be p(2). Suppose 4*u - g*j = -8*j + 36, 0 = 5*u - j - 27. Calculate the greatest common factor of 78 and u.
6
Let j be (-2)/(-3) - 7/(-3). Let h be 2/(-10) - 410356/(-5930). What is the greatest common factor of j and h?
3
Suppose 2*r - 734 = 5*u, 0 = 3*r - 7*r + 6*u + 1476. Let z be 2 - (12 - 2)/(-1). What is the greatest common divisor of r and z?
12
Let m(a) = -a**2 + 20*a - 34. Let h be m(8). Suppose -4*g = 20, 2500 = 5*w - 5*g + g. Calculate the highest common divisor of w and h.
62
Let k = 7490 + -7487. Calculate the highest common divisor of k and 184.
1
Suppose u = 2*w + 592, -582*u - 5*w + 1721 = -579*u. What is the greatest common divisor of u and 3?
3
Suppose 5*a - 2*j = -4089, -3*j - 9 = -0*j. Let o be ((-14)/(-6) + -9 + 6)*a. What is the greatest common factor of 78 and o?
78
Suppose -8*k + 213 = -307. Calculate the greatest common divisor of 2405 and k.
65
Let u = 602 - 494. Let c be (-104 + -16)*(-9)/6. What is the highest common factor of c and u?
36
Let y be (0*4/(-52))/(1/1). Suppose y = 45*q - 36*q - 252. Calculate the highest common factor of q and 7.
7
Let o be (-8)/(-17 + (-3970)/(-234)). What is the greatest common factor of 9477 and o?
117
Let i be -4 + 4 - (-1 + -1). Suppose 2*k + 2*v - 32 = 3*k, 0 = i*k + 2*v + 40. Let b = -21 - k. Calculate the highest common divisor of 15 and b.
3
Let t be 1 + -444 + -9*(-13)/(-39). Let g = 464 + t. Calculate the greatest common factor of 8 and g.
2
Suppose 0 = 19*d - 2*b - 53810, 7*d = 3*d - 5*b + 11323. What is the highest common divisor of 177 and d?
177
Suppose 4*c + 71*k - 66*k - 731 = 0, 0 = c + 3*k - 195. What is the highest common factor of 18531 and c?
87
Suppose -37377 = -66*g + 24993. What is the highest common divisor of g and 525?
105
Suppose -q - 933 + 1119 = 5*q. What is the highest common divisor of 23 and q?
1
Suppose -5401 = 69*p - 58*p. Let q = -283 - p. Calculate the greatest common divisor of 39 and q.
13
Suppose 4*d - 184 = 5*l, 0 = -5*d + 4*l - 25 + 255. Calculate the highest common divisor of 9476 and d.
46
Let r be (-3)/(((-20)/(-5))/(-12)). Suppose 3*f - r = -0*f. Suppose 5*v + f*u - 88 = 0, -u = 6*v - v - 96. What is the greatest common divisor of 8 and v?
4
Let i = 5 - 2. Suppose 26*r - 22 = -22. Suppose i*u - 8*u + 100 = r. What is the highest common factor of u and 160?
20
Suppose -4*k - 742 = 3*v - 32, -234 = v + 2*k. Let t be (12 + -6 - v)/((-3)/(-6)). Calculate the greatest common factor of 31 and t.
31
Suppose -3*i + 4*i - 2 = 0, -5*b + 3*i - 151 = 0. Let s = 31 + b. Suppose s*u + 324 = 5*u. What is the greatest common factor of 24 and u?
12
Let a(f) = -18*f. Let v(b) = 19*b + 1. Let d(s) = 3*a(s) + 4*v(s). Let y be 58/8 - (-15)/20. Let i be d(y). Calculate the greatest common factor of 36 and i.
36
Suppose r - 4 = 0, -7*r = 2*n - 5*r - 60. Suppose 0 = -n*w + 111 - 7. What is the highest common factor of w and 16?
4
Let j(s) = s**3 - 22*s**2 - 10*s + 30. Let a be j(24). What is the highest common divisor of a and 6?
6
Suppose 11*o + 4*o - 705 = 0. Let r be 13 + (-74 - -2)/6. What is the greatest common divisor of o and r?
1
Suppose -2*z = -237 - 293. Let o = -42601 - -42760. What is the greatest common divisor of o and z?
53
Suppose 20*d + 29*d + 55*d = 14144. What is the greatest common divisor of d and 24684?
68
Suppose 2244*o - 184 = 2236*o. Calculate the greatest common factor of o and 3197.
23
Let f(q) = 76*q**2 + q. Let v be f(1). Let k be 126/4*(-560)/(-420). What is the greatest common divisor of v and k?
7
Suppose 20 + 2833 = 3*d. Calculate the highest common divisor of 9 and d.
3
Let g(h) = -121*h + 8131. Let j be g(61). Calculate the highest common divisor of j and 8850.
150
Suppose 3*w - 4*c + 337 = -287, -4*w + 4*c = 828. Let g = w - -223. What is the greatest common factor of 209 and g?
19
Suppose h = -91 + 311. Let g = 0 + -2. Let v be g/12 + 484/24. Calculate the greatest common factor of v and h.
20
Let n = 43146 - 42669. Calculate the highest common divisor of n and 1484.
53
Let l(k) = k**3 - 2*k**2 - k + 0*k - 7 - 3*k. Let j = 1352 - 1347. Let s be l(j). What is the highest common factor of 16 and s?
16
Let c = -5401 - -5639. Calculate the highest common divisor of 322 and c.
14
Let z(f) = f + 3. Let a be z(0). Let n(o) = -1971*o - 50970. Let x be n(-26). Calculate the greatest common factor of a and x.
3
Suppose 2*j = -5*s - 631, -5*s - 255 - 386 = -3*j. Let i be 4*(s/(-60) + (-2)/(-15)). Calculate the greatest common factor of 99 and i.
9
Let v(j) = -j**3 + 81*j**2 + 6*j + 244. Let g be v(81). Calculate the highest common factor of 5 and g.
5
Let i(y) = -10*y**2 - 674*y + 44. Let q be i(-67). Calculate the greatest common factor of 54 and q.
6
Suppose 0*k - 3*k - 58 = 5*j, -5*k - 4*j = 101. Let q = k - -3. Let t be 9/q - 554/(-4). What is the greatest common factor of 23 and t?
23
Let f(x) = 32*x**3 + 3*x**2 - 7*x + 4. Let z be f(2). Let k be 8 + (-7)/((-14)/(-4)). What is the highest common factor of k and z?
6
Let z(k) = -446*k + 5. Let q be z(-1). Let j = -213 + q. Suppose -11*x + 312 = -j. Calculate the highest common factor of 50 and x.
50
Let k(s) = 7*s**3 - 10*s**2 - 9*s - 4. Let p be k(3). Calculate the highest common divisor of p and 80.
4
Suppose 16*r - 4*i - 96 = 12*r, 0 = -5*i - 20. Suppose -r*q = -18*q - 940. What is the greatest common divisor of 282 and q?
94
Let u = -17 - -20. Suppose -5*a + u*a + 62 = 0. Suppose 7*z = 53 + a. What is the highest common factor of z and 24?
12
Let o = -547 - -955. Let u = 22110 + -22076. What is the highest common divisor of o and u?
34
Suppose 0 = -3*v - 4*r - 448, 3*r + 5 = -7. Let c be 13/((-78)/v) - (-6)/3. What is the highest common divisor of c and 338?
26
Let v = 49 - 0. Let f = v + -44. Suppose -51 - 25 = -5*q + 2*x, 67 = f*q + x. Calculate the highest common factor of q and 112.
14
Suppose -916 = -2*z - 14*w, -4*w = 615*z - 617*z + 664. Suppose 3*r + 415 = 5*m, -5*m - r = -0*r - 395. What is the greatest common divisor of z and m?
40
Let r(u) = -u**2 - 6*u + 39. Let i be r(0). Suppose -10*l = i*l - 980. What is the greatest common factor of 260 and l?
20
Suppose -2*i + i = -72. Suppose -2*t - 114 = -5*u, -4*t + i = 4*u - 36. Let z = 38 - u. Calculate the highest common divisor of 112 and z.
14
Let f be (1 + -1)/(-3 - -2). Let n be -7 - ((f - -2) + -6). Let b be 0 - -3 - 18/n. Calculate the greatest common factor of 81 and b.
9
Let t be (-55)/(-15)*(2 - -88). Let n = -560 + 198. Let w = n - -392. Calculate the greatest common divisor of w and t.
30
Let w(f) = -2*f**2 - 44*f + 27. Let j be w(-15). Let c = 285 - j. Calculate the highest common factor of c and 9.
3
Suppose 0 = 134*i - 123*i + 5753. Let m = -516 - i. What is the highest common factor of m and 7?
7
Suppose -2*v - 3*v + v = 0. Suppose v = 4*i + 6*i - 4340. Suppose -i - 7 = -7*s. What is the highest common factor of s and 7?
7
Suppose 0 = -6*y + 57 - 21. Suppose 77 = y*j - 151. Suppose 5*c + p - 311 = 0, 0 = 4*c + 2*p - 206 - j. What is the greatest common factor of 18 and c?
9
Suppose -38*l + 579*l - 45985 = 0. What is the highest common divisor of 10880 and l?
85
Let n(z) = -3*z**3 - 137*z**2 + 9*z - 55. Let r be n(-46). Calculate the highest common factor of 27 and r.
27
Let p be 0 + (-1 + -1 - -8). Suppose u - 2*a - 8 - p = 0, 34 = 4*u + 3*a. Let v be (-88)/(-20)*5 - 2. Calculate the highest common divisor of u and v.
10
Suppose 376*d - 520*d + 5760 = 0. Suppose -o + 12 = -68. What is the highest common divisor of